 (-1 + n)*(-8)/(-16). Let f be a(u). Calculate the greatest common divisor of f and 19.
19
Let g be ((-28)/10)/((-1)/5). Suppose 2*q - 24 = 5*q. Let y = q + g. Calculate the highest common divisor of y and 3.
3
Let z(g) = 3*g**3 - 18*g**2 - 19*g + 28. Let d be z(7). Let o be 86/3 + 2/(-3). What is the greatest common divisor of d and o?
14
Suppose -8 + 24 = -4*z. Let o(p) = -p**3 - 3*p**2 - p - 4. Let g be o(z). Suppose -g - 7 = -w. Calculate the highest common factor of w and 23.
23
Let x(p) = 7*p**2 + 14*p + 3. Let w(u) = -13*u**2 - 28*u - 6. Let j(m) = 6*w(m) + 11*x(m). Let v be j(-5). What is the greatest common divisor of v and 14?
14
Suppose 10 = 5*q - 10*q. Let z(t) = -2*t**3 - 4*t**2 - 3*t. Let f be z(q). Suppose 30*j - 8 = 26*j. What is the highest common factor of j and f?
2
Suppose 158 = v - 42. What is the greatest common factor of 16 and v?
8
Let b(l) = 19*l - 57. Let m be b(13). What is the greatest common divisor of 50 and m?
10
Let p = 1147 + -1091. Calculate the highest common factor of 56 and p.
56
Let j = -471 + 483. Calculate the highest common factor of 84 and j.
12
Let o(u) = -u**2 - u + 6. Let b be o(-3). Suppose b = -4*y + 7*y + 21. Let m be ((y - 2) + 0)*-2. What is the highest common factor of 9 and m?
9
Let u(d) = -d**2 + 10*d + 6. Let k be u(10). Let q be 3/4 - 540/80. Let o be q/(-27) + 1880/45. Calculate the highest common factor of k and o.
6
Let v(c) = -c**2 - 9*c + 37. Let g be v(-13). Let o(i) = -2*i + 22. Let h be o(g). Calculate the greatest common factor of h and 39.
13
Let k(n) = -11 + 12 - 4*n**2 + 5*n**2 - 6*n + 16. Let s be k(10). Calculate the highest common divisor of s and 38.
19
Suppose 0 = -3*j + 138 + 135. Suppose -2*r + 4*l + 56 = 0, 0 = 3*r - 4*l + 3*l - 79. What is the highest common divisor of j and r?
13
Let u(p) = -20*p - 135. Let h be u(-8). Calculate the highest common divisor of h and 75.
25
Suppose 0*f = 3*f - 180. Let g = -16 - -16. Suppose o + 0*o - 24 = g. What is the greatest common divisor of f and o?
12
Let r = -212 + 223. What is the highest common divisor of 407 and r?
11
Let v(y) = 2*y**3 - 16*y**2 + 15*y - 3. Let r = -23 + 30. Let s be v(r). Calculate the greatest common factor of 1 and s.
1
Let r = 43 - 22. Suppose 3*q - 75 = -r. Let d be 1*(0 + 1) + 161. What is the highest common factor of q and d?
18
Let u be (-1770)/(-18) + 4/6. Suppose 0*l = 3*l - 12. Let r = 15 - l. Calculate the highest common divisor of r and u.
11
Let o(t) = -t**2 + 35*t + 66. Let q be o(30). Calculate the highest common divisor of q and 729.
27
Suppose 0*l - 4*l + 8 = 0. Suppose -15 = -h + l*m, -m + 0*m - 39 = -4*h. Let o be 3 - (6/4)/(27/36). What is the greatest common divisor of o and h?
1
Let p be 1*(-260)/(-6)*3. Let m be 2/2 + (p - -4). Suppose -3*z = -9, -m = -4*g - 0*g + 3*z. Calculate the highest common divisor of 24 and g.
12
Suppose 91 = 8*v - v. Calculate the highest common factor of 117 and v.
13
Let k(v) = 4*v**2 - 17*v - 2. Let b be k(5). Suppose -2*z - 5 = -4*x + 7, 5*x = 2*z + b. Calculate the highest common divisor of x and 4.
1
Suppose 12 = 3*b, -2*b = 2*g + 60 - 76. Calculate the highest common factor of 14 and g.
2
Let j be 7/1*(-528)/(-56). Suppose 5*u - 60 = -2*h, 2*h = -0*u + 4*u - j. Let m = 140 - 84. What is the highest common factor of u and m?
14
Suppose 0 = -d - 5*g, 5*d = 41*g - 40*g + 78. Calculate the greatest common factor of d and 135.
15
Let c(s) = -3*s**2 - 64*s + 35. Let f be c(-21). What is the highest common factor of 64 and f?
8
Let s = 278 + -274. Calculate the greatest common factor of 6 and s.
2
Suppose -7*y + 257 = -3*y + h, -y = h - 65. Suppose m - 20 = u, m + u - 12 = -0*m. Calculate the highest common factor of m and y.
16
Let l = -514 + 1135. Calculate the highest common divisor of 69 and l.
69
Let k be 1*(-3)/6*(-121 - 3). What is the greatest common divisor of k and 1240?
62
Suppose 2552 = -13*j + 42*j. Calculate the highest common divisor of 128 and j.
8
Let q = -430 + 658. Calculate the highest common divisor of 19 and q.
19
Let f(m) = -4*m + 23. Let u be f(19). Let o = -39 - u. Suppose o = 3*c - 5*y - 0*y, 2*c + 3*y = 22. Calculate the highest common factor of c and 32.
8
Suppose -b = b + 32. Let w be 20/(4/(-8)*-2). Let p = b + w. Calculate the highest common divisor of 36 and p.
4
Let f = 283 - 184. Calculate the greatest common factor of f and 9.
9
Let k be 1 - 5 - (-1)/((-2)/(-198)). Calculate the highest common divisor of k and 19.
19
Suppose 4*i = 4*z - 428, 75 = 3*z + i - 266. Calculate the greatest common divisor of z and 32.
16
Let w be ((-804)/(-2))/(138/92). Calculate the highest common factor of 201 and w.
67
Suppose -49*f + 48*f = -63. Calculate the greatest common factor of 21 and f.
21
Let c = -1627 + 1727. Calculate the greatest common factor of c and 725.
25
Let f be 6 - -2*(-1)/2. Suppose 929 = f*u - 556. Calculate the greatest common factor of u and 27.
27
Suppose -2*v + 5*v - 3 = 0. Let g be (-2)/4 - ((-2075)/10 - v). Calculate the highest common factor of 26 and g.
26
Suppose -12 = 3*u - 51. Suppose u*b - 9*b - 4 = 0. Calculate the greatest common factor of b and 9.
1
Let n = 132 + -118. What is the highest common factor of n and 126?
14
Suppose 14 = 3*r - 1. Let v = r + -3. Suppose 0*k = v*k - 8. Calculate the highest common factor of 36 and k.
4
Suppose -2*b + 100 = -b. Let f(n) = 66*n - 1. Let q be f(1). Let k = b - q. Calculate the highest common divisor of 7 and k.
7
Let d be (75/6)/((-1)/(-2)). Let h = d + -13. What is the greatest common factor of 18 and h?
6
Let d(s) = -4*s - 9. Let i(j) = 10*j + 15. Let x be i(-2). Let l be d(x). Calculate the highest common divisor of 11 and l.
11
Suppose -25125 + 1317 = 12*u. Let f be u/(-22) - 4*(-3)/(-66). Calculate the highest common divisor of f and 36.
18
Suppose -13 = -2*w - 5*a - 19, -5*w = 2*a - 27. What is the greatest common factor of 357 and w?
7
Let z(x) = 12*x**2 + 10*x - 3. Let o be z(-11). What is the highest common factor of 13 and o?
13
Suppose -73*u - 24 + 3163 = 0. Let m = -237 + 366. Calculate the highest common divisor of u and m.
43
Let a = 1133 + -1105. What is the greatest common divisor of a and 1708?
28
Suppose 0 = -h - 4*h - 20. Let l(d) = -6*d + 24. Let z be l(h). What is the highest common factor of z and 24?
24
Suppose 0 = -i + 65 - 56. Suppose -5*y = -20, -5*y + 34 = 2*z - y. What is the greatest common factor of i and z?
9
Let t(p) = 46*p + 3. Let m be t(8). Calculate the highest common divisor of m and 106.
53
Let k be ((-42)/15)/(4/10). Let y = 0 - k. Let i be 760/14 - 2/y. What is the highest common factor of i and 6?
6
Let c(j) = 39*j - 213. Let l be c(8). Calculate the highest common factor of 22 and l.
11
Let a be (-36270)/(-72) + (-1 - 5/(-4)). What is the greatest common divisor of a and 36?
36
Let u(j) = -j**2 - 34*j + 209. Let f be u(-32). What is the greatest common divisor of 156 and f?
39
Suppose 39 - 15 = 4*y. Let g(a) = a**3 - 10*a**2 - 25*a + 8. Let w be g(12). Let r be y/w + 891/18. What is the greatest common divisor of r and 6?
6
Suppose -3*t = 5*s + 14, -50*s = 3*t - 48*s + 2. Suppose m - 8 - 10 = 0. What is the greatest common factor of t and m?
2
Suppose -6 = -2*t - 2*d, 1 = -d - 2. Suppose 0 = r - a - 4, 3*r - 5*a - 14 = r. Suppose r*g - 24 = g. What is the greatest common divisor of g and t?
6
Let d = 16 - 8. Let u = 714 + -450. Suppose -o + u = 2*o. Calculate the greatest common factor of o and d.
8
Let i be -6*(3/18 - 1). Suppose 0*s - y - 196 = -s, 0 = i*y. Calculate the greatest common divisor of s and 28.
28
Suppose 0 = 3*k - 4*r - 14, -r - 1 + 8 = k. Suppose n - 231 = -k*n. Calculate the highest common factor of n and 99.
33
Let i(s) = 7*s**3 - s**2 - 3*s + 3. Let c be i(2). Suppose -12*r + 5*r = -c. What is the greatest common divisor of 112 and r?
7
Let s be 7 + 58 + (-10 - -5). Calculate the greatest common factor of 165 and s.
15
Suppose -10*o - 38*o = -2496. Suppose -2*n = n - 234. What is the greatest common divisor of n and o?
26
Suppose -3*o - 179 = -5*i, 5*o + 0 = -15. Suppose -2 = x - i. What is the highest common factor of x and 16?
16
Let r = -43 - -58. What is the greatest common divisor of 105 and r?
15
Let u be -1*6*(-12)/9. Let p be 24/18*(-138)/(-8). Let b = p - 21. Calculate the greatest common facto